ase 14
-141834
Convert -1222022010001 (base 3) to base 13.
-2a96a0
What is -21121222111 (base 3) in base 14?
-3ca1a
-111110001111110011 (base 2) to base 14
-68cb9
-33590 (base 10) to base 3
-1201002002
What is -b1cb9 (base 13) in base 3?
-121011222002
-56888a (base 11) to base 8
-3347157
What is 632606 (base 7) in base 11?
74a0a
20453501 (base 6) to base 12
24a291
Convert -9b33cc (base 14) to base 8.
-24070670
3676905 (base 10) to base 12
1293a09
92e396 (base 15) to base 10
6983691
What is 1545699 (base 13) in base 11?
3931205
-11642c (base 14) to base 10
-593528
43760 (base 10) to base 4
22223300
-5808 (base 16) to base 15
-6a26
Convert -56cec (base 15) to base 12.
-113a89
What is 100010000101001001 (base 2) in base 9?
232433
What is 354434212 (base 6) in base 11?
383a635
Convert 28433c (base 16) to base 3.
11222001112212
What is -1332c09 (base 13) in base 9?
-12314403
What is -27aead (base 15) in base 12?
-781524
Convert -133155430 (base 6) to base 3.
-12000220021000
Convert 1101111000000001001011 (base 2) to base 3.
20211210110200
Convert 2346660 (base 7) to base 11.
193752
Convert 6b246 (base 13) to base 5.
22232204
What is 430516 (base 14) in base 2?
1000101001100110011000
Convert 553174 (base 10) to base 11.
348676
What is -1364340 (base 8) in base 7?
-3202100
What is 11262363 (base 7) in base 9?
1768130
What is 535a5 (base 16) in base 6?
11152341
4a976 (base 11) to base 9
121172
1111001000000101001011 (base 2) to base 13
a8ab0c
What is -1132032211 (base 4) in base 11?
-243a80
-54182 (base 12) to base 6
-2213042
What is 55881 (base 9) in base 3?
1212222201
144034214 (base 5) to base 15
10288e
What is 265b31 (base 12) in base 13?
191a88
Convert 412440002 (base 6) to base 16.
6cc3c2
Convert -78979 (base 10) to base 16.
-13483
Convert -12323030132 (base 4) to base 15.
-25cd1b
10221110021000 (base 3) to base 10
2095335
What is ecdb (base 16) in base 13?
217a3
Convert 62218 (base 16) to base 14.
a66a4
Convert 1012021021 (base 3) to base 13.
a927
344203434 (base 5) to base 7
16130334
-6d8d2 (base 14) to base 2
-1000001011010010000
Convert 21221211020 (base 3) to base 12.
76766
-3d903 (base 14) to base 4
-211101233
What is -419434 (base 11) in base 12?
-284615
What is -a44c9 (base 14) in base 9?
-663307
What is 21002303 (base 4) in base 10?
37043
11020122112 (base 3) to base 15
19b6e
Convert 7830760 (base 9) to base 3.
21221000212000
Convert -363154 (base 9) to base 10.
-218830
What is 22138781 (base 9) in base 2?
101000110111101110101000
What is -3342186 (base 10) in base 11?
-1983041
What is -1201122201220 (base 3) in base 14?
-19c964
What is -12878 (base 15) in base 11?
-405a9
What is -2221514 (base 6) in base 16?
-1b4f6
-a60dd (base 14) to base 9
-670734
What is 2062343 (base 7) in base 12?
101008
Convert -5731a9 (base 11) to base 5.
-213140400
What is -2101011210221 (base 3) in base 8?
-4643164
What is -2ad85e (base 15) in base 9?
-3805488
What is -178464 (base 11) in base 8?
-1030464
Convert 5cb8 (base 16) to base 4.
11302320
Convert 6937409 (base 10) to base 13.
158b89b
Convert 28eed (base 15) to base 4.
200020213
Convert 4043 (base 12) to base 8.
15463
What is 3873243 (base 9) in base 4?
20010113112
Convert -31474 (base 11) to base 12.
-22623
Convert -7912 (base 12) to base 6.
-142022
Convert -10000010111100100110 (base 2) to base 12.
-21a486
What is -174013 (base 9) in base 2?
-11010010110000000
What is -4000310 (base 6) in base 2?
-101101100101110010
What is -104359 (base 10) in base 16?
-197a7
What is 131123223 (base 4) in base 10?
120555
-160733 (base 8) to base 10
-57819
What is 5405523 (base 6) in base 2?
1000000110110111011
2804 (base 12) to base 13
213a
What is 61331253 (base 7) in base 15?
6b1240
Convert -10445604 (base 7) to base 9.
-1624753
Convert 12001041 (base 5) to base 16.
1abd1
What is 2119389 (base 11) in base 8?
16167465
-34310440 (base 8) to base 16
-719120
What is 110100011000001110011110 (base 2) in base 6?
1210144050
Convert -11a885 (base 11) to base 12.
-91ba7
Convert -15122474 (base 8) to base 12.
-11a4764
Convert 102100121020112 (base 3) to base 10.
6034838
Convert -47277 (base 12) to base 11.
-65765
Convert -11110010000010101000 (base 2) to base 16.
-f20a8
Convert -1a54d (base 15) to base 12.
-41631
a3223a (base 11) to base 13
4604ca
Convert -4139899 (base 10) to base 5.
-2024434044
-1100222111100 (base 3) to base 15
-e5a1c
Convert -42022324 (base 5) to base 9.
-575640
Convert -271327 (base 8) to base 15.
-1d1e0
What is 601441 (base 8) in base 4?
300030201
What is ba24b (base 15) in base 4?
2100110222
What is -353c2 (base 13) in base 14?
-27685
What is -25205356 (base 7) in base 13?
-6167c8
What is 207551 (base 8) in base 9?
115271
What is 2601022 (base 8) in base 16?
b0212
1230003223 (base 5) to base 3
12120211221221
What is -1271b2 (base 13) in base 10?
-444108
36c63c (base 13) to base 4
11000132202
Convert -10022121212101 (base 3) to base 16.
-1aeaf2
Convert 235244 (base 6) to base 14.
772c
What is 611620 (base 7) in base 9?
167457
16111131 (base 7) to base 2
101111010001100000011
-10000100111110000101000 (base 2) to base 4
-100213300220
20413241 (base 5) to base 15
354b6
-203040 (base 8) to base 10
-67104
What is 2566e6 (base 15) in base 16?
1b5e9b
What is -46a4c8 (base 13) in base 5?
-412214343
Convert 6631361 (base 7) to base 4.
3012312020
Convert -12465514 (base 7) to base 6.
-40253034
What is -222220022 (base 3) in base 9?
-28808
100101100021 (base 3) to base 16
2d16f
Convert -637357 (base 10) to base 9.
-1171254
453a37 (base 11) to base 6
23253340
What is -3184385 (base 9) in base 7?
-20345534
What is -10525032 (base 6) in base 5?
-40310013
50492 (base 13) to base 12
6b128
Convert -565576 (base 8) to base 13.
-6913b
Convert 1440432303 (base 5) to base 3.
21020020100222
-79941 (base 13) to base 16
-3605a
-73500 (base 8) to base 7
-155001
Convert 478ad8 (base 14) to base 9.
4534860
What is -146370 (base 11) in base 14?
-5d169
Convert 270405 (base 9) to base 8.
501002
What is 2120200201112 (base 3) in base 2?
101001110111010000000
Convert -217612 (base 14) to base 12.
-468628
-45335515 (base 7) to base 12
-13a1311
What is 5106347 (base 9) in base 3?
12010020101121
What is 50301044 (base 6) in base 2?
101011011011110010100
48ddc5 (base 14) to base 10
2497017
d2b7 (base 16) to base 8
151267
-23a3b09 (base 12) to base 10
-6932601
Convert 1084385 (base 9) to base 3.
1002211102212
-2258397 (base 10) to base 4
-20213113131
-313110203 (base 4) to base 15
-47215
What is 1101111110010000 (base 2) in base 10?
57232
Convert -10203222 (base 4) to base 16.
-48ea
101100010001111100 (base 2) to base 13
64729
Convert -10200100020 (base 3) to base 10.
-72420
1536a (base 12) to base 14
ac70
What is 110001022212 (base 3) in base 7?
2005304
-10110111011001001010 (base 2) to base 5
-143014203
Convert -1bbbb52 (base 12) to base 8.
-26617656
Convert -123221320 (base 4) to base 10.
-113272
Convert -176142 (base 10) to base 3.
-22221121210
What is 12102000021020 (base 3) in base 9?
5360236
Convert -2231153 (base 6) to base 11.
-77a21
46b4b (base 16) to base 11
188653
Convert -122233331103 (base 4) to base 6.
-410143443
Convert 120030004 (base 5) to base 16.
85f92
What is 5783146 (base 10) in base 9?
11783877
Convert -1183101 (base 9) to base 6.
-21455131
What is -1f1c7b (base 16) in base 9?
-3746762
Convert 22332314 (base 5) to base 9.
333074
Convert -10010100110110110010 (base 2) to base 8.
-2246662
Convert 10a46e (base 15) to base 12.
323695
What is -3328337 (base 9) in base 7?
-21135463
What is ada608 (base 14) in base 16?
5a1f60
-628a95 (base 14) to base 3
-20021001220120
1149420 (base 11) to base 8
7511315
What is -15170370 (base 9) in base 13?
-1742589
What is -310320332 (base 4) in base 5?
-23413023
Convert 66548 (base 10) to base 3.
10101021202
Convert 137c56a (base 13) to base 6.
340111052
Convert 12016041 (base 7) to base 2.
100000011100110100001
Convert 94498 (base 11) to base 13.
4a891
What is -1778748 (base 13) in base 8?
-35122676
What is 21023202 (base 4) in base 6?
450030
What is -2222420 (base 6) in base 13?
-3bcca
What is -1011100000101010001 (base 2) in base 9?
-634336
-116a449 (base 12) to base 3
-20100120120110
What is 2223514 (base 6) in base 10?
112294
What is 22021122002 (base 3) in base 2?
100111110